1
What is the thousands digit of 1113?
1
What is the units digit of 716?
6
What is the ten thousands digit of 27850?
2
What is the hundreds digit of 69059?
0
What is the thousands digit of 32564?
2
What is the hundreds digit of 66760?
7
What is the units digit of 251?
1
What is the tens digit of 16421?
2
What is the tens digit of 1334?
3
What is the thousands digit of 16344?
6
What is the ten thousands digit of 31227?
3
What is the hundreds digit of 934?
9
What is the units digit of 1224?
4
What is the tens digit of 8978?
7
What is the ten thousands digit of 149898?
4
What is the units digit of 39112?
2
What is the tens digit of 4718?
1
What is the units digit of 469?
9
What is the tens digit of 69700?
0
What is the thousands digit of 17023?
7
What is the hundreds digit of 4149?
1
What is the ten thousands digit of 22763?
2
What is the units digit of 2456?
6
What is the units digit of 2083?
3
What is the thousands digit of 41602?
1
What is the units digit of 138?
8
What is the ten thousands digit of 16055?
1
What is the tens digit of 4469?
6
What is the units digit of 2878?
8
What is the units digit of 90?
0
What is the thousands digit of 1052?
1
What is the thousands digit of 1529?
1
What is the tens digit of 73?
7
What is the units digit of 5878?
8
What is the hundreds digit of 105929?
9
What is the units digit of 31752?
2
What is the hundreds digit of 1453?
4
What is the thousands digit of 84555?
4
What is the tens digit of 4027?
2
What is the units digit of 754?
4
What is the tens digit of 2067?
6
What is the units digit of 975?
5
What is the tens digit of 778?
7
What is the hundreds digit of 1852?
8
What is the hundreds digit of 35836?
8
What is the thousands digit of 1248?
1
What is the units digit of 11411?
1
What is the tens digit of 1476?
7
What is the tens digit of 514?
1
What is the hundreds digit of 267?
2
What is the units digit of 4921?
1
What is the tens digit of 647?
4
What is the tens digit of 343?
4
What is the tens digit of 815?
1
What is the hundreds digit of 8908?
9
What is the units digit of 27312?
2
What is the units digit of 61948?
8
What is the hundreds digit of 1452?
4
What is the hundreds digit of 2169?
1
What is the hundreds digit of 531?
5
What is the units digit of 834?
4
What is the units digit of 100010?
0
What is the hundreds digit of 9930?
9
What is the thousands digit of 4435?
4
What is the tens digit of 759?
5
What is the hundreds digit of 1770?
7
What is the tens digit of 497?
9
What is the hundreds digit of 217?
2
What is the hundreds digit of 15583?
5
What is the tens digit of 218?
1
What is the hundred thousands digit of 144909?
1
What is the units digit of 2562?
2
What is the hundreds digit of 8847?
8
What is the hundreds digit of 3641?
6
What is the thousands digit of 14046?
4
What is the ten thousands digit of 48398?
4
What is the units digit of 16436?
6
What is the units digit of 3391?
1
What is the ten thousands digit of 17118?
1
What is the thousands digit of 4879?
4
What is the ten thousands digit of 25913?
2
What is the hundreds digit of 967?
9
What is the tens digit of 1440?
4
What is the tens digit of 80?
8
What is the tens digit of 1831?
3
What is the hundreds digit of 259?
2
What is the thousands digit of 75717?
5
What is the thousands digit of 1132?
1
What is the tens digit of 50940?
4
What is the ten thousands digit of 35216?
3
What is the hundreds digit of 716?
7
What is the units digit of 31903?
3
What is the units digit of 1942?
2
What is the units digit of 1747?
7
What is the hundreds digit of 1178?
1
What is the thousands digit of 3805?
3
What is the hundreds digit of 730?
7
What is the tens digit of 2610?
1
What is the ten thousands digit of 22397?
2
What is the tens digit of 1123?
2
What is the units digit of 5841?
1
What is the thousands digit of 65430?
5
What is the units digit of 10276?
6
What is the units digit of 1145?
5
What is the hundreds digit of 8302?
3
What is the hundreds digit of 86435?
4
What is the thousands digit of 6544?
6
What is the tens digit of 3169?
6
What is the thousands digit of 41636?
1
What is the hundreds digit of 8396?
3
What is the tens digit of 5552?
5
What is the tens digit of 3842?
4
What is the tens digit of 2122?
2
What is the hundreds digit of 489?
4
What is the units digit of 279?
9
What is the units digit of 95?
5
What is the hundreds digit of 21786?
7
What is the hundreds digit of 35180?
1
What is the tens digit of 11032?
3
What is the hundreds digit of 14385?
3
What is the units digit of 686?
6
What is the tens digit of 155572?
7
What is the hundreds digit of 972?
9
What is the ten thousands digit of 42586?
4
What is the thousands digit of 29862?
9
What is the hundreds digit of 27462?
4
What is the hundreds digit of 6094?
0
What is the hundreds digit of 280?
2
What is the units digit of 212?
2
What is the units digit of 98291?
1
What is the tens digit of 13096?
9
What is the ten thousands digit of 54269?
5
What is the ten thousands digit of 11585?
1
What is the units digit of 473?
3
What is the units digit of 1036?
6
What is the hundreds digit of 574?
5
What is the tens digit of 1910?
1
What is the thousands digit of 1248?
1
What is the tens digit of 3106?
0
What is the thousands digit of 3729?
3
What is the hundreds digit of 21244?
2
What is the hundreds digit of 16972?
9
What is the units digit of 6580?
0
What is the tens digit of 302?
0
What is the thousands digit of 1425?
1
What is the thousands digit of 7919?
7
What is the units digit of 549?
9
What is the tens digit of 2055?
5
What is the hundreds digit of 158961?
9
What is the thousands digit of 18077?
8
What is the units digit of 1384?
4
What is the units digit of 247?
7
What is the units digit of 1555?
5
What is the tens digit of 848?
4
What is the units digit of 45713?
3
What is the tens digit of 388?
8
What is the units digit of 112386?
6
What is the units digit of 5446?
6
What is the tens digit of 15267?
6
What is the tens digit of 409?
0
What is the hundreds digit of 1956?
9
What is the thousands digit of 20632?
0
What is the hundreds digit of 34920?
9
What is the tens digit of 2108?
0
What is the hundreds digit of 3789?
7
What is the tens digit of 12717?
1
What is the thousands digit of 20332?
0
What is the hundreds digit of 1164?
1
What is the units digit of 7162?
2
What is the thousands digit of 15898?
5
What is the units digit of 2722?
2
What is the units digit of 1870?
0
What is the ten thousands digit of 55776?
5
What is the tens digit of 654?
5
What is the hundreds digit of 1232?
2
What is the ten thousands digit of 20175?
2
What is the hundreds digit of 1856?
8
What is the units digit of 928?
8
What is the units digit of 2602?
2
What is the units digit of 197?
7
What is the units digit of 12268?
8
What is the hundreds digit of 85206?
2
What is the tens digit of 8946?
4
What is the units digit of 1913?
3
What is the thousands digit of 1960?
1
What is the thousands digit of 21631?
1
What is the units digit of 9433?
3
What is the thousands digit of 2601?
2
What is the units digit of 599?
9
What is the hundreds digit of 761?
7
What is the ten thousands digit of 21682?
2
What is the hundreds digit of 1142?
1
What is the thousands digit of 3741?
3
What is the hundreds digit of 123528?
5
What is the thousands digit of 21291?
1
What is the ten thousands digit of 92753?
9
What is the thousands digit of 44042?
4
What is the ten thousands digit of 117285?
1
What is the thousands digit of 33733?
3
What is the units digit of 84995?
5
What is the units digit of 693?
3
What is the hundreds digit of 19896?
8
What is the thousands digit of 3667?
3
What is the tens digit of 178?
7
What is the units digit of 22?
2
What is the units digit of 5165?
5
What is the tens digit of 101?
0
What is the units digit of 31468?
8
What is the hundreds digit of 102?
1
What is the hundreds digit of 952?
9
What is the tens digit of 26659?
5
What is the units digit of 538?
8
What is the ten thousands digit of 14412?
1
What is the thousands digit of 6240?
6
What is the ten thousands digit of 28130?
2
What is the units digit of 3730?
0
What is the thousands digit of 4183?
4
What is the units digit of 810?
0
What is the tens digit of 1289?
8
What is the hundreds digit of 26354?
3
What is the hundreds digit of